alse
Let j be (-118)/236 + (-9)/(-2). Let r = 8938 + -4445. Suppose -2*t + k = -r, t - 6*t + j*k = -11237. Is t a prime number?
False
Let z(x) = -39560*x + 2065. Is z(-17) prime?
False
Is (-321 - (-5 + 2))/(-4)*(-3788)/(-6) prime?
False
Let o(x) = 272 - 501 + 876*x + 258. Is o(5) composite?
False
Let j be -4 + (-4 - -9 - -15772) + -2. Suppose -196*h + j = -193*h. Is h prime?
False
Suppose -8 = -4*a, 2*a - 74 = -z - 4*z. Is 12/84 + 17960/z prime?
True
Suppose -3*a + l + 58 = 0, 3*a - 3*l + 5*l = 64. Suppose 4*g + n = a + 347, -g + 2*n + 103 = 0. Suppose 6*k = 291 - g. Is k a composite number?
True
Let s(n) = n**3 + n**2 + 3*n + 1. Let b be s(4). Let i = b + -87. Suppose 2*z + 6502 = 4*o, -i*o + o + 2*z + 8125 = 0. Is o a prime number?
False
Let v = 21 - 27. Is 8/((-96)/126)*5444/v a prime number?
False
Suppose -d - 2 - 4 = 2*l, -d + l + 6 = 0. Suppose -d*n = 4*h - 37348, 61*h - 9355 = 60*h - 5*n. Is h a composite number?
True
Let t(v) be the second derivative of -99*v**3/2 - 89*v**2/2 - 49*v. Is t(-18) prime?
False
Let q = 18794 - 5231. Suppose -12*x = -3*x - q. Is x a prime number?
False
Suppose 3*x + x = -12, -25283 = -4*d + 5*x. Suppose -12*t + 4063 = -d. Is t composite?
True
Let t(o) = o**3 - 3*o**2 + 2*o + 4. Let q be t(2). Suppose -q*z + 23*m + 49467 = 28*m, -3*z = 2*m - 37109. Is z composite?
False
Let u(y) = 46*y**3 + 4 - 4*y**2 + 0*y**2 - 2*y + 38*y**3. Is u(1) composite?
True
Let i = 7900 + -10302. Let q = 4 - 8. Is (4 + 5 + 1)*i/q prime?
False
Suppose 4*v - 24 - 96 = 0. Let k = -28 + v. Suppose k*l - 1137 = -l. Is l composite?
False
Is 6 + -3 - (-197850)/3 prime?
False
Let y = 1 - -3. Is 7724/(-6)*(-1)/(y/6) prime?
True
Let l(n) = n. Let q(g) = 206*g + 8. Let b(i) = -5*l(i) - q(i). Let t(x) = 10*x + 347. Let m be t(-36). Is b(m) a composite number?
True
Suppose -16553 + 25425 = 25*a - 30103. Is a a prime number?
True
Let s = -131 - -132. Is (-211)/2*(-36 - 2)/s a composite number?
True
Suppose -m = -3*h - 6 + 3, 4*h - 3 = -m. Suppose h = i + 4*i - 2875. Let p = i - 280. Is p a composite number?
True
Is (288 - -3)*2589/9 a prime number?
False
Let t(i) = 150*i - 499. Is t(35) composite?
False
Let t(u) = u**3 - 10*u**2 + 12*u - 12. Let s be t(9). Let x = -15 + s. Is (x - (-6 + 4)) + 1184 a composite number?
True
Let r(a) = -a + 11. Let z be r(7). Suppose -v = l - 7, 2*l + z*v - 3*v - 18 = 0. Suppose 191 - 1544 = -l*x. Is x a prime number?
False
Suppose m + 4*h - 110114 = -28979, 243373 = 3*m + 4*h. Is m a prime number?
True
Suppose 0 = -8*d + 37 - 61. Is 2/(-4)*d*(-1012826)/(-51) composite?
False
Let f = 1497 - -1316. Let p = -1596 + f. Is p prime?
True
Suppose -206397 = -2*t - 5*s, -426300 = -4*t - 2*s - 13466. Is t prime?
False
Suppose -5*b - 661402 = -97*o + 94*o, 3*b = -o + 220472. Is o prime?
True
Let p = 70371 + -44608. Is p a prime number?
True
Is 604168 - (39 - (12 - -6)) a composite number?
True
Suppose 498 = -4*w + 7*w. Suppose y = w - 1193. Let m = y - -1568. Is m prime?
True
Suppose 398*v - 43911 = 395*v + 2*y, v = 5*y + 14650. Is v prime?
False
Is 412258 - (-8)/(-24)*27 a prime number?
True
Let i(u) = -u**3 + 18*u**2 + 19*u + 12. Let j be i(19). Suppose j*p + 24 = 16*p. Suppose -q + 2932 = 5*z, p*z - z - 5*q - 2920 = 0. Is z composite?
True
Let q be (-115)/(-10) + 15/6. Let n(u) = 674*u - 101. Is n(q) a prime number?
False
Let u be (-98)/147*3/(-2). Let y(g) = 1704*g**2 + 7*g. Is y(u) a composite number?
True
Suppose 271132 = 21*a - 2444357. Is a a prime number?
False
Let c(q) = 4*q**2 + 2*q - 1135. Let w be c(0). Let l = 3108 + w. Is l composite?
False
Let k(j) = -2*j + 32. Let h be k(13). Let g be 0*3/(-12)*2/h. Suppose g = -b + 3*s + 899, 2*s = -5*b + 5*s + 4447. Is b a composite number?
False
Suppose -3*p + 16 = d, 6 + 6 = 3*d. Let n = -1161 - -1156. Is -2 + n + p + (-532)/(-2) composite?
False
Suppose -15*n = -17*n + 10, -3*a + 520399 = -4*n. Is a a prime number?
True
Suppose -12*w - w + 2674992 = 35*w. Is w a prime number?
False
Let a be 96/54 - 18/(-81). Suppose -a*r = -0*r - 20734. Is r a prime number?
False
Is 77895234/102 + (-4)/(-17) a composite number?
True
Let b = 62 + -51. Suppose 3*h + 1 = -b, 0 = -3*p - 3*h - 225. Let f = 284 - p. Is f composite?
True
Let v(z) = -697*z - 19. Let q(p) = -697*p - 15. Let y(k) = 4*q(k) - 5*v(k). Is y(18) prime?
False
Suppose 15*q - 18*q + 9 = 0. Suppose 0 = 6*a - 11*a + q*i + 379, 150 = 2*a - 2*i. Is a composite?
True
Let y(c) = 12692*c - 1179. Is y(22) prime?
False
Let j = -2 - 10. Let y = -12 - j. Suppose n - 4*n + 4917 = y. Is n composite?
True
Let h(p) = -10*p - 275. Let t be h(-30). Let i(x) = -x**2 + 6*x - 4. Let r be i(5). Is 20980/t + r/(-5) a composite number?
False
Let i be 18/45*(-1 - -6). Let t = -4 + i. Is (-1774)/4*(t - 0) a composite number?
False
Let a be 1/4 - 17387/(-4). Let g = a + -3000. Is g a composite number?
True
Let a = 23926 - -8817. Is a composite?
True
Let b(g) = 4751*g + 9722. Is b(77) a prime number?
False
Suppose 16 = j - 3*j + 5*z, -5*j + 3*z = 2. Is j - -63*(-623)/(-7) a composite number?
True
Let v = -471358 + 1016865. Is v composite?
True
Let j = -566 + 77. Let s = 698 - j. Is s composite?
False
Suppose 4*m - 35 = -5*y, 2*y + 3*m - 28 = -2*y. Let h(s) = 901*s - 26. Is h(y) a prime number?
False
Let f = -13 + 15. Suppose -l = 3*r - 8, 2*l + f*l = -2*r + 12. Suppose 3*z + 2*p - 544 = z, -4*z - l*p = -1098. Is z a composite number?
False
Let f(t) = -6*t**3 - 4*t**2 + 21*t - 316. Is f(-25) prime?
False
Let z(i) = 7*i**3 - 814*i**2 - 76*i - 66. Is z(119) a prime number?
True
Let z be 925/(-10)*1*(3 - 5). Let b be 6/27 + (-2128)/18. Let k = z + b. Is k a composite number?
False
Let s = -178680 - -307922. Is s prime?
False
Suppose -5*a + 74 = -6. Suppose -5*r + 8 = -c, -a = -5*c + 4*r - 7*r. Let i(z) = 55*z + 3. Is i(c) prime?
True
Let b = 909 + -953. Is (-12651)/(-4) + (-11)/b prime?
True
Let t(y) = 6358*y - 750. Is t(68) a prime number?
False
Let w be (-2)/(-8)*6*(4 + -2). Suppose -5*n - 1249 = -l, 3*l - 1823 - 1948 = w*n. Is l a composite number?
False
Suppose 59*t + 2 = 60*t. Is -12 + 17909 + (t - 8) a composite number?
False
Let t = 1 - 14. Let x(z) = -z**3 - 13*z**2 + z + 4. Let u be x(t). Is (-3)/u - 5838/(-9) composite?
True
Let k(n) = 20 - 98*n + 9 - 17*n - 7. Is k(-12) composite?
True
Let g = 155 - 155. Suppose 2*o = -5*w + 14515, -2*o = 3*w - g*w - 8713. Is w a composite number?
True
Let r = -202224 + 1236607. Is r a prime number?
False
Is (5 + 15766 + -4)*4/4 prime?
True
Let g(b) = -34*b + 27. Suppose 3*n - 2*p + 11 = 0, -2*n + 4*p = -n + 17. Let c = -12 - n. Is g(c) composite?
False
Suppose 23*k - 26*k - 274642 = -4*y, 0 = -k - 2. Is y prime?
True
Let f(l) = -l**2 + 3*l + 5. Let u be f(4). Let c be (u + 0)/(1/457). Suppose 7*w - 3*w - c = -5*m, 2*m + 450 = 4*w. Is w composite?
False
Is (138 + -135)/((-6)/(-99556)) prime?
False
Let s = -470 + 490. Suppose -s*c + 13242 = -14*c. Is c a prime number?
True
Suppose 15*w - 11*w - 20 = 0. Is (25062/8)/(143/28 - w) composite?
True
Let j = 1189 + 524. Let f(r) = -15*r - 10. Let w be f(-11). Suppose -2*s + w = -j. Is s a prime number?
False
Suppose -2*k + 339837 = b, -4*b = -6*b - 3*k + 679673. Is b composite?
True
Let b(m) = -m**3 + 13*m**2 + 21*m + 6. Let y be b(-10). Suppose 5*s + 2206 = d - y, 2*d = -4*s + 8674. Is d prime?
True
Let h(o) = -2. Let w(t) = 395*t + 4. Let p(i) = -4*h(i) - w(i). Let y(s) = 3*s. Let n be y(-1). Is p(n) a composite number?
True
Suppose -3*i = -15, 2*w - 2*i - 7280 = 20428. Is w a prime number?
True
Let n = -127 + 127. Suppose -11*f + 5565 + 826 = n. Is f a prime number?
False
Let p(d) = -2*d - 53. Let q be p(-23). Let w be q/4 + 2/(-8) + 9. Suppose 958 + 1240 = w*k. Is k composite?
True
Let d = -60886 - -124395. Is d prime?
False
Suppose 3*r = -z + 9, r + 3*r + 12 = 0. Suppose z*h + 3495 - 177069 = 0. Is h a prime number?
True
Is 15/(-10)*(-4 + (-74498)/3) a prime number?
False
Let n(j) = 1469*j - 13 + 36 + 5171*j. Is n(2) composite?
True
Let l(y) = 9484*y**2 + 141*y - 231. Is l(-8) composite?
False
Let r(y) = 34 - 15*y - 7*y**2 + 6*y - 11 + 7*y + 94*y**3. Is r(6) prime?
True
Suppose -z + 78 + 4 = 0. Let w = z + -79. Suppose 0 = 2*b - 3*g - 23, -2*g - w = b - 4. Is b composite?
False
Let t = 14877 + -7924. Is t composite?
True
Let m(l) = 4*l - 5. Let k be m(10).